{"id":571,"date":"2024-09-04T17:43:29","date_gmt":"2024-09-04T15:43:29","guid":{"rendered":"https:\/\/olivinaevo.com\/?page_id=571"},"modified":"2024-09-04T17:51:33","modified_gmt":"2024-09-04T15:51:33","slug":"nolo-attrezzature","status":"publish","type":"page","link":"https:\/\/olivinaevo.com\/index.php\/nolo-attrezzature\/","title":{"rendered":"Nolo attrezzature raccolta"},"content":{"rendered":"\n<p>La raccolta delle olive \u00e8 un momento chiave nella produzione dell&#8217;olio EVO.<\/p>\n\n\n\n<p>Per avere la massima qualit\u00e0 \u00e8 indispensabile avvalersi dell&#8217;ausilio di attrezzature idonee.<\/p>\n\n\n\n<p>Per questo motivo, Olivina ti mette a disposizione tutto ci\u00f2 che ti serve:<\/p>\n\n\n\n<ul class=\"wp-block-list\">\n<li>Agevolatori elettrici;<\/li>\n\n\n\n<li>Batterie per agevolatori;<\/li>\n\n\n\n<li>reti per la raccolta;<\/li>\n\n\n\n<li>cassette forate.<\/li>\n<\/ul>\n\n\n\n<p>Le attrezzature sono messe a disposizione degli olivicoltori, con il pagamento di una piccola somma.<\/p>\n\n\n\n<p>Per maggiori info contattami compilando il form, oppure chiamami al 3488020632.<\/p>\n\n\n<div class=\"wp-block-jetpack-contact-form is-layout-flex wp-container-jetpack-contact-form-is-layout-b7ed9015 wp-block-jetpack-contact-form-is-layout-flex\"><a href=\"https:\/\/olivinaevo.com\/index.php\/nolo-attrezzature\/\" target=\"_blank\" rel=\"noopener noreferrer\">Invia un modulo.<\/a><\/div><p>Views: 63<\/p>","protected":false},"excerpt":{"rendered":"<p>La raccolta delle olive \u00e8 un momento chiave nella produzione dell&#8217;olio EVO. Per avere la massima qualit\u00e0 \u00e8 indispensabile avvalersi dell&#8217;ausilio di attrezzature idonee. Per questo motivo, Olivina ti mette a disposizione tutto ci\u00f2 che ti serve: Le attrezzature sono messe a disposizione degli olivicoltori, con il pagamento di una piccola somma. Per maggiori info [&hellip;]<\/p>\n","protected":false},"author":1,"featured_media":575,"parent":0,"menu_order":0,"comment_status":"closed","ping_status":"closed","template":"","meta":{"advanced_seo_description":"","jetpack_seo_html_title":"","jetpack_seo_noindex":false,"footnotes":""},"class_list":["post-571","page","type-page","status-publish","has-post-thumbnail","hentry"],"jetpack_likes_enabled":true,"jetpack-related-posts":[],"jetpack_sharing_enabled":true,"_links":{"self":[{"href":"https:\/\/olivinaevo.com\/index.php\/wp-json\/wp\/v2\/pages\/571","targetHints":{"allow":["GET"]}}],"collection":[{"href":"https:\/\/olivinaevo.com\/index.php\/wp-json\/wp\/v2\/pages"}],"about":[{"href":"https:\/\/olivinaevo.com\/index.php\/wp-json\/wp\/v2\/types\/page"}],"author":[{"embeddable":true,"href":"https:\/\/olivinaevo.com\/index.php\/wp-json\/wp\/v2\/users\/1"}],"replies":[{"embeddable":true,"href":"https:\/\/olivinaevo.com\/index.php\/wp-json\/wp\/v2\/comments?post=571"}],"version-history":[{"count":2,"href":"https:\/\/olivinaevo.com\/index.php\/wp-json\/wp\/v2\/pages\/571\/revisions"}],"predecessor-version":[{"id":576,"href":"https:\/\/olivinaevo.com\/index.php\/wp-json\/wp\/v2\/pages\/571\/revisions\/576"}],"wp:featuredmedia":[{"embeddable":true,"href":"https:\/\/olivinaevo.com\/index.php\/wp-json\/wp\/v2\/media\/575"}],"wp:attachment":[{"href":"https:\/\/olivinaevo.com\/index.php\/wp-json\/wp\/v2\/media?parent=571"}],"curies":[{"name":"wp","href":"https:\/\/api.w.org\/{rel}","templated":true}]}}